of t?
8
Let d(l) = -6*l**2 + 11*l + 26. Let k(g) = -2*g**2 + 4*g + 9. Let a = 0 + 17. Let t(b) = a*k(b) - 6*d(b). What is the tens digit of t(-4)?
2
Let d = 3941 + -1720. What is the hundreds digit of d?
2
Suppose 4*z - 3560 = -5*y, -2*z - 20 = 2*z. What is the hundreds digit of y?
7
What is the units digit of (-30)/(-10) + 881/((-4)/(-4))?
4
Suppose 8685 = 4*p + 5*t, -p - 3*p + 8697 = t. What is the thousands digit of p?
2
What is the hundreds digit of 0 - 1 - -2 - -127?
1
Let x(b) = 22*b**2 + b - 1. What is the hundreds digit of x(5)?
5
Let c(l) = 59*l**3 - 3*l**2 + 16. What is the units digit of c(3)?
2
Suppose 0 = 2*m - q + 6*q - 1094, -3*m - 2*q + 1619 = 0. What is the units digit of m?
7
What is the tens digit of 180272/266*(2 + (-6)/(-4))?
7
Let s(a) = 2*a**2 + 6*a + 9. Let y be s(-3). Suppose -y*f + 194 = -652. What is the units digit of f?
4
Suppose 5*u = d + 3*d - 4097, -3*d + 3074 = -4*u. What is the thousands digit of d?
1
Let p = 1327 - 817. What is the hundreds digit of p?
5
Suppose 92 - 35 = 3*d. Suppose 11*z = d*z - 656. What is the units digit of z?
2
Let f = -427 - -727. What is the units digit of f?
0
Let j be (-920)/60 - (-12)/9. Let g = -11 - 6. Let l = j - g. What is the units digit of l?
3
Let k = 496 - -208. What is the hundreds digit of k?
7
Let z = -17 - -28. Suppose 4*v - z = 5. What is the units digit of (22/v)/(2/4)?
1
Let q(a) be the second derivative of -a**3/2 + 5*a**2 - 6*a. Let z be q(8). Let h = z - -15. What is the units digit of h?
1
Let t be -3 + 3 + 523/1. Let z = t - 342. What is the units digit of z?
1
Let r(w) = -w. Let k = 3 + -9. Let l be r(k). Suppose 0 = -c + l - 0. What is the units digit of c?
6
Let i = 11 - 1. Suppose m + 2*x = 16, -3*m + 2*x - i + 42 = 0. Suppose -3 = y - m. What is the units digit of y?
9
Suppose 0 = -2*a + 2*q - 7*q + 15, a = 3*q + 13. Suppose 15*m - 545 = a*m. What is the tens digit of m?
0
Suppose -4452 = -10*g + 24598. What is the thousands digit of g?
2
Let o be (20/7)/(18/63). Suppose 0 = 3*h - o + 1. Suppose 2*m = -2*b + 4, -3*b - 5*m - 1 = h. What is the units digit of b?
7
Suppose 0*g + 3*g = -3*r + 9, 2*r - 2*g - 10 = 0. Suppose 0 = -r*h + h - 24. What is the tens digit of h/(-40) + 268/10?
2
Let b(j) = -2*j**2 - 89*j + 18. What is the units digit of b(-42)?
8
Let n = 2819 + -1743. What is the tens digit of n?
7
Let x(k) = -k + 8. Let g be x(4). Suppose -2*n = -j - 72, g*n + 2*j - 124 = -j. What is the tens digit of n?
3
Suppose 3*o - 5 = 1. Suppose 178 = o*s - 40. Suppose 4*k - 5*n = 2 + 57, 5*n = -4*k + s. What is the tens digit of k?
2
Let q = -7 + 9. Suppose -q = 2*s - 8. Suppose 2*f - 7*n - 60 = -3*n, 75 = s*f - n. What is the units digit of f?
4
Suppose -98 = -3*m - 23. Suppose 0*l = -5*l + m. Let f = l - -5. What is the units digit of f?
0
Suppose 96*s = 101*s - 380. Suppose s = -2*a + 5*z + 435, 0 = a - 3*z - 182. What is the units digit of a?
7
Let o be (-1)/(-8) + 195/104. Suppose 0 = -0*v + o*v - 84. What is the tens digit of v?
4
Let x = 8524 + -5597. What is the hundreds digit of x?
9
Suppose 0 = -r - 2*w - 7, r - 2*w + 1 + 10 = 0. Let j = r + 150. What is the hundreds digit of j?
1
What is the hundreds digit of (-108)/(-27)*(-1597)/(-4)?
5
Suppose -7 - 3 = 2*c. What is the units digit of 134/(c/((-15)/12) + -2)?
7
Let k be (-122)/14 - 4/14. Let v = -5 - k. Suppose 0*l + l + 10 = v*i, 2*i - l = 6. What is the units digit of i?
2
Suppose -o = o + 5*m - 93, -4*m = 4*o - 204. Let t = 28 + o. What is the tens digit of t?
8
Suppose 0 = f - 7 + 10. Let b(a) = -13*a + 26. What is the tens digit of b(f)?
6
Let j be 2 + -4 - (-1 + -1). Suppose -7 = -u - j. Suppose -v + u + 8 = 0. What is the units digit of v?
5
Let r = 189 - -8. Suppose 32 - r = 5*y. Let q = -26 - y. What is the units digit of q?
7
Let j = 1302 - 931. What is the hundreds digit of j?
3
Let f(v) = v**2 + 3*v + 17. Suppose -3*l = -l + 30. Let x be f(l). Let z = x + -133. What is the tens digit of z?
6
Suppose 0 = 8*n - 9*n - 11. What is the units digit of (4466/(-12))/n + 2/12?
4
Let y(n) = n**2 + n + 48. Let m be (-1)/(2*(-3)/(-90)). Let b = m - -15. What is the tens digit of y(b)?
4
Suppose -144 = -5*h + 1876. What is the tens digit of h?
0
Let w(l) = -2*l**3 - 5*l**2 + 3*l - 9. What is the units digit of w(-4)?
7
Let p = 1425 - 879. What is the tens digit of p?
4
Let q(h) = 2*h - 13. Let y(m) = m. Let z(j) = q(j) - y(j). Let i be z(-8). Let v = -8 - i. What is the tens digit of v?
1
Let w(y) = -2*y + 1. Let j be w(-5). Let h = j - -5. What is the tens digit of h?
1
Let u(q) be the first derivative of 3*q**2 + 2*q - 6 - 1/3*q**3. What is the units digit of u(5)?
7
Suppose 4*h - 7 = 353. Suppose -2 = 2*c - h. Suppose -5*p + 50 = 6*m - m, -4*p - 5*m + c = 0. What is the units digit of p?
6
What is the units digit of 3/(-1)*-1*11670/90?
9
What is the tens digit of 806 + (3/6)/((-1)/6)?
0
Let v(f) = 7*f**2 - 10*f - 16. What is the tens digit of v(-8)?
1
Suppose 0 = 3*u - 1558 + 145. What is the tens digit of u?
7
Let a(p) = -90*p + 129. What is the units digit of a(-9)?
9
Let g(o) = -10*o - 1. Let h be g(-1). Let q = -6 + h. What is the tens digit of 2 - (q - (28 + -1))?
2
Let k be 7 + 38/(-14) + 22/(-77). Suppose -n - 5 = j - 27, k*n - j = 63. What is the tens digit of n?
1
Let a be 4*((-3)/(-9) + (-1)/(-6)). Suppose -4*o + 3*n = -223, a*o + 305 = 7*o + 5*n. What is the units digit of o?
8
Let s(r) = r**3 + 0*r**2 - 5*r + 8*r**2 - 2*r**3 + 106 - 112. What is the units digit of s(7)?
8
Let n(u) = u**2 + 4*u - 3. Let o = -15 - -17. Let l be n(o). Suppose -4*w = -207 - l. What is the tens digit of w?
5
Let w(y) = y**3 + 56*y**2 - 129*y - 182. What is the units digit of w(-58)?
2
Suppose 16*c - 39732 = 9*c. What is the units digit of c?
6
What is the tens digit of ((-3896)/(-12))/(14/3 + -4)?
8
Suppose 23*s - 823 = 2926. What is the tens digit of s?
6
What is the units digit of (-446)/(-6)*(-60)/(-2)?
0
Suppose d + 2*s = s + 818, 2*s = 3*d - 2429. What is the tens digit of d?
1
Let i = -8 - -14. Suppose -i*r = -7*r + 65. Suppose -5*p + 10*p = r. What is the tens digit of p?
1
Suppose 6216 = 50*m - 43*m. What is the units digit of m?
8
What is the thousands digit of (15386 + 1)*(12 + (-175)/15)?
5
Suppose 4*k = 3*n - 2191, 5*n - 3*n + 2*k = 1442. What is the units digit of n?
5
Let z = -109 - -143. Suppose -243 + z = -m. What is the units digit of m?
9
Suppose -6*v + 18 = -12*v. Let m(f) = 2*f**3 - 2*f**2 - f - 2. Let x(h) = -2*h**3 + h**2 + 2*h + 2. Let z(a) = 2*m(a) + 3*x(a). What is the tens digit of z(v)?
3
Suppose -26*g = -27*g + 101. Suppose 0 = -4*z - g + 725. What is the units digit of z?
6
Let m be (-3 + 0)/(9/12). Let a be (m/(-12))/((-3)/(-891)). Suppose 429 = 6*o + a. What is the units digit of o?
5
Suppose -775 - 677 = -12*m. What is the tens digit of m?
2
Suppose 0 = -l + 5*l - 228. Suppose -n + k - 113 = -6*n, -3*n = -3*k - l. Let q = n + 8. What is the units digit of q?
0
Suppose -2*a = 2*s - 6*s + 1684, -2*a + 4 = 0. What is the hundreds digit of s?
4
Suppose -3*b + 157 = 5*h, -6*b - 67 = -3*h - b. Suppose 0 = 27*d - h*d + 26. What is the tens digit of d?
1
Let v = 21 + -14. Let p(i) = 21*i + 7. Let o be p(v). Suppose -4*q - 14 = -o. What is the units digit of q?
5
Let v = -22 - -24. Suppose 2*q + 5*b + 13 = 0, -v*b = -3*q - 11 + 1. Let h = 16 - q. What is the units digit of h?
0
Let q = 232 + -679. What is the hundreds digit of ((-2)/3)/(2/q)?
1
Suppose 3484 = 12*d - 596. What is the units digit of d?
0
Suppose 2*d - 3*d = 0. Suppose 0 = -2*y - 3*b + 16, d = -8*y + 3*y + 4*b - 6. Suppose -15 + y = -v. What is the units digit of v?
3
Let h(b) = b**2 - 2*b. Suppose 5*d - 5*p + 35 = -2*p, 4*p - 20 = 0. Let n be h(d). Suppose 8*l = 4*l + n. What is the units digit of l?
6
Let h(v) = 2*v - 1. Let n be h(2). Suppose -2*g + 8 = -n*g. Let w = 14 + g. What is the units digit of w?
6
Let u be -1 + 2*10/4. Let k = u + 62. What is the tens digit of k?
6
Let y(o) = -3*o**3 + 4*o**2 - 20*o - 51. What is the hundreds digit of y(-5)?
5
Let i = 8 + -1. Suppose 0 = -k + 4*r - 2*r - i, -4*k - 3*r + 16 = 0. What is the units digit of k/((28/8)/7)?
2
Let a be (5/(-1) + 4)*34 - -4. Let g = 93 + a. What is the units digit of g?
3
Let x(p) = 1 - p + 3*p + 0. Let k(h) = h - 1. Let t(u) = -3*k(u) + x(u). Wh